. Let u(f) = 0*f + 1 - f - f + 24. Let o be u(10). Give w(o).
1
Let x(n) = -19*n**2 - 18*n - 40. Let d(b) = -12*b**2 - 12*b - 27. Let l(i) = 8*d(i) - 5*x(i). Determine l(-4).
-8
Let j be ((-17)/51)/(1/6). Let s(h) = 3*h**2 - 2*h - 3. Give s(j).
13
Suppose 0 = 3*o - 3, -6*o + 27 = -4*v - 7*o. Let n(c) = 2*c + 10. Give n(v).
-4
Let c(w) = -w**2 + 5*w**2 - 4*w**2 - 4*w**2 + 5*w + 3*w**2 - 1. Suppose o = -3*d, -4*o - 2*d = -0*d - 20. Give c(o).
-7
Let q(z) be the second derivative of z**4/12 + z**3/3 - 2*z. Let p(y) = -2*y**2 + 11*y + 4. Let m be p(6). Determine q(m).
0
Let m(k) = -3*k**3 + 2*k**2 - k. Let l be 5/(6/4 + -1). Suppose -4*a - 3*d + 25 = -23, 2*d = 2*a - 10. Let g = l - a. Determine m(g).
-2
Suppose v - 7*y + 2*y + 2 = 0, 2*v + 13 = y. Let p(z) = -2*z**2 - 16*z + 10. Let w(l) = l**2 + 8*l - 5. Let k(a) = -4*p(a) - 9*w(a). Calculate k(v).
12
Let l(c) be the third derivative of -c**5/30 - c**4/24 - 3*c**2 + 67*c. Calculate l(-4).
-28
Let h(i) = i**3 - 4*i**2 + 2*i + 3. Let v(t) = -10*t**2 + t**3 - 2*t + t + t**2 + 10. Let k be v(9). Suppose -z + 5*a - 12 = 0, 3*a = 5*z - 5 - k. Give h(z).
0
Let z(l) be the first derivative of 3*l**2/2 + l + 4. Suppose -2*i + 4 = q - 2, -3*i + 3 = 0. Let m = q + -6. What is z(m)?
-5
Suppose 0 = -6*i + 2*i + 12. Suppose i*h = 2*x - h - 14, 2*x = -2*h + 8. Let w(q) = -q**3 + 6*q**2 - 6*q - 2. Calculate w(x).
-7
Suppose 15*h = 29*h. Let v(w) be the third derivative of -w**3 + 0*w - 6*w**2 + h + 1/12*w**4. Determine v(-5).
-16
Suppose -h = -11 - 4. Let n = h + -11. Suppose -4*z + 0 = -n. Let j(k) = 2*k**3 - 2*k**2 + 1. Calculate j(z).
1
Let p(u) = u**3 - 3*u**2 - u + 1. Suppose 5*y = 3*v - 4, 7*v - 2*y = 4*v + 7. What is p(v)?
-2
Let c(b) = b - 3. Let n(s) = s**2 + 5*s + 4. Let h be n(-9). Suppose -14*y + h = -10*y. Suppose -10 = -4*l + y. Calculate c(l).
2
Let o(w) = w**2 + 4*w - 9. Let h(m) = -m**2 + 41*m - 87. Let u be h(39). Determine o(u).
36
Suppose 2*o = -0*o. Let t(h) = -h**3 - 5*h**2 - 6*h + 1. Let r be t(-4). Suppose 2*b - 3 + r = o. Let m(y) = y**3 + 3*y**2 + 3*y. What is m(b)?
-9
Let j(u) be the third derivative of 3*u**4/8 + u**3/3 + 44*u**2 + 2. Determine j(-3).
-25
Let d(y) = -y**3 - 7*y**2 - y + 1. Let z = -16 - -13. Give d(z).
-32
Let r(n) = n**2 - n - 7. Let f be r(-3). Suppose -4*j - f = g, 0 = -3*j - 4*g + g + 3. Let d(u) = -4*u - 1 - 2 + 2. Calculate d(j).
7
Let i(v) be the third derivative of -v**4/24 - v**2. Let t = 46 - 44. Suppose 0 = -4*y - 4*d, 0 = t*y + 3*y - 3*d + 24. What is i(y)?
3
Let y(a) = 5*a**2 + a. Suppose 6 = 5*k + 3*b - 5, 0 = -2*k + 2*b + 14. Suppose 0 = -2*d + 10, 14 = -8*r + k*r + 2*d. Calculate y(r).
4
Let z(h) = -6*h + 3. Let u be z(0). Let v(x) = x**3 - 3*x**2 + x + 3. Give v(u).
6
Let q(i) = -12*i**2. Let l(k) = -k**2 + 3*k - 4. Let b(y) = -y**2 + 1. Let t(p) = -3*b(p) + l(p). Let n be t(-5). Let m be ((-2)/7)/((-8)/n). Determine q(m).
-12
Let p(w) = -5*w**3 - 20*w**2 + 23*w + 15. Let q(a) = 6*a**3 + 21*a**2 - 25*a - 15. Let z(m) = 7*p(m) + 6*q(m). What is z(13)?
-11
Let z(k) = -k + 2. Suppose 5*r + 2*w = -40, 14 = -2*r - 2*r + 2*w. Let o = 10 + r. Suppose -o*p - p = -20. Give z(p).
-2
Let j(i) = -3*i + 2*i + 5 + 3*i. Let y = 45 + -46. Let g be (-5 - -3) + y*2. What is j(g)?
-3
Let j be 3/(((-4)/4 - -2)/3). Let d(s) = 9*s**2 - 6*s - 3. Let m(v) = 18*v**2 - 13*v - 7. Let q(o) = j*d(o) - 4*m(o). Give q(1).
8
Let n be 145/120 - (-6)/48*1. Let r(z) be the second derivative of 1/2*z**2 - n*z**3 - 8*z + 0. Calculate r(-1).
9
Let m be -1*(17 + -7 + -15). Let b(g) = g**3 - 7*g**2 + 8*g - 7. Determine b(m).
-17
Suppose 5*f = f - 20. Let h(g) = g**2 + 19*g + 5. Let s be h(-19). Let a(w) = -5 + 8*w**2 - s*w - 6*w**2 - 3*w**2. Determine a(f).
-5
Let r(w) = w**3 + w**2 - w - 2. Let o(s) = s**3 + 2*s**2 - 2*s - 5. Let m(j) = -o(j) + 2*r(j). Give m(1).
2
Let t(b) = 3. Let y(c) = 8*c + 76. Let x(h) = -6*t(h) - y(h). Give x(-11).
-6
Let u(f) = -f**3 + 6*f**2 - f + 12. Let h be u(6). Suppose 4*a = h*a - 16. Let z(j) be the first derivative of -j**2/2 + 9*j + 1. Calculate z(a).
1
Let l(f) be the third derivative of 0 + 4*f**2 + 0*f - 2*f**3 - 1/12*f**4 + 1/120*f**5. Let o(y) be the first derivative of l(y). Calculate o(0).
-2
Let d(l) be the third derivative of -l**4/24 - 2*l**3/3 + 2*l**2 + 23. Calculate d(-3).
-1
Let z(n) = n + 3*n**2 + 119 - 2*n + 0*n - 120. Determine z(-1).
3
Let z(v) = -v**2 + v. Let q = -132 + 29. Let m = 103 + q. Determine z(m).
0
Suppose 2*l + 2 + 4 = 0. Let a(q) = -7 - 19 + 26 - q. Give a(l).
3
Suppose 2*r = -17 - 131. Let u = r + 78. Let l(z) = z**2 - 5*z - 3. Determine l(u).
-7
Let d = 62 + -62. Let l(r) = r**3 - 5*r - 1 + d*r**2 + 4*r + 2*r**2. Give l(-3).
-7
Let f(j) = 8*j**2 - 3*j - 2. Let v(w) = w**3 - 10*w**2 + 13*w + 23. Let b be v(8). What is f(b)?
9
Let i(h) = 306 + 6*h - 310 - 4*h + h. What is i(5)?
11
Let w(k) = -3*k**2 + 3*k - 1. Suppose -13 = 3*h + j, 2*h - 3*h - 5*j = -19. Let c(g) be the first derivative of g**2/2 + 8*g - 3. Let z be c(h). Calculate w(z).
-7
Let y(t) = -4*t**2 + t + 10. Let h(f) = f**2. Let a(d) = -3*h(d) - y(d). Let c(k) = 13 + k + 13 - 20. Let i be c(-6). Determine a(i).
-10
Let n(q) = q + 1. Let r(t) = t + 2. Let d(h) = -4*n(h) + 2*r(h). Let o(b) = b. Let l(w) = -3*d(w) - 8*o(w). Let x be 0 + (19 - 3)/4. Give l(x).
-8
Let b(l) be the first derivative of -l**2/2 - 12. Suppose 6*h - 1 + 25 = 0. Determine b(h).
4
Let t(l) = 8*l. Let f(o) = -o - 1. Let u(k) = 2*f(k) + t(k). What is u(2)?
10
Let d = -50 - -52. Suppose 3*s = -w - 8, d*w + s + 3*s = -14. Let h(o) be the first derivative of o**2/2 + 2*o + 2. What is h(w)?
-3
Suppose -3*h - 5 = 2*f, -h - h = 10. Suppose 2*z + 3*l + 25 = -0*z, 0 = -3*z + 4*l + f. Let s(p) = -p**3 - 5*p**2 + 4*p + 6. Calculate s(z).
-14
Let k(i) = -i**2 + 14*i - 33. Let m be k(5). Let v(f) = -2*f + 6. Give v(m).
-18
Let v(r) = r - 9. Let n = 312 + -305. What is v(n)?
-2
Let l(p) be the first derivative of -1/2*p**2 - 1/4*p**4 - 2*p**3 - 1 - 4*p. Suppose 3*b = -5*q - 18, 3*b + 16*q = 15*q - 18. Give l(b).
2
Let h = -32 - -37. Suppose h*n + 1 = 16. Let r(b) = 0*b + n - 4*b - 13 - b**3 - 4*b - 8*b**2. Determine r(-7).
-3
Let d(c) = -c**2 + 3*c. Let u be d(0). Suppose 0*r + 7*r - 28 = u. Let s(z) = z**2 - 3*z + 2. Determine s(r).
6
Let f(l) = 4*l**3 - 19. Let g(i) = i**3 - 5. Let t(m) = -2*f(m) + 9*g(m). Let h(k) be the first derivative of t(k). Determine h(-1).
3
Suppose -117*h + 118*h = 12. Let u(s) = -s + 5. Determine u(h).
-7
Let k(t) be the first derivative of -t**6/120 + 7*t**5/60 + 7*t**4/24 - t**3 + 9*t**2/2 - 14. Let y(z) be the second derivative of k(z). Give y(8).
-14
Let f = 145 + -82. Let g = f + -33. Suppose -2*t + 5*x = 2*t + 9, 4*t + g = -2*x. Let i(k) = -k**3 - 6*k**2 + k. Give i(t).
-6
Let b be 3/(-4 + (-114)/(-24)). Let q(v) be the second derivative of 0*v**2 + 1/3*v**4 + 1/6*v**3 - 1/20*v**5 + 0 + 4*v. Determine q(b).
4
Let v(k) be the second derivative of k**3/3 - k**2 - 32*k - 1. Determine v(-9).
-20
Let t(w) = 201*w - 47. Let j be t(27). Let o(k) = 2*k - 3*k + j*k**2 - 5371*k**2. Determine o(1).
8
Let r = -6 - -2. Let c be 0/(r/(-4) - -2). Let m(l) = 2 - 1 + l**3 - 2 - 2*l**2 + l**2 - l. What is m(c)?
-1
Let m(u) = -u**3 + 17*u**2 - 15*u - 17. Let s = 1267 - 1251. Give m(s).
-1
Let m(l) = -l**3 - 10*l**2 + 9*l - 13. Let y(u) = -2*u**2 + 6*u - 15. Let r be y(2). Calculate m(r).
9
Let r(i) = -i**3 + i**2 - 3*i + 8. Let a be r(2). Let t(v) be the third derivative of v**6/120 + v**5/12 + v**4/12 - v**3/6 + 10*v**2. Determine t(a).
7
Let s(u) be the first derivative of -u**3/3 + 11*u**2/2 - 8*u + 1. Let w be s(10). Let l(k) = 4*k - 4*k**w - 2 - 4*k + k + k**2 + 2*k**3. Calculate l(2).
4
Let k(f) = f**2 - f + 4*f - 7 - 13*f - 2*f**2. Suppose -6*c + 7*c + 6 = 0. Calculate k(c).
17
Suppose -3*l = 6, 2*x - 33 = -3*x - l. Let d(k) = -k + 0 + x - 2 - 1. Suppose 0 = -v + 2 + 1. What is d(v)?
1
Let j(z) = -8*z**2 + 8*z - 6. Let y(m) = 7*m**2 + 2*m - 5*m - 4*m + 5. Let h(g) = 6*j(g) + 7*y(g). Suppose 26*i = -71*i - 14*i - 111. Determine h(i).
1
Suppose 0*g = -4*g + 20. Let r(x) = 487*x**2 - 492*x**2 - 3*x - 4 + x + x**3. Give r(g).
-14
Let i(v) be the second derivative of -v**7/840 - 7*v**4/12 - 11*v. Let f(t) be the third derivative of i(t). Give f(-1).
-3
Let r = -442 + 439. Let d(p) = 